{"id":64,"date":"2025-01-19T13:42:50","date_gmt":"2025-01-19T13:42:50","guid":{"rendered":"https:\/\/kamagrahr.com\/?post_type=product&#038;p=64"},"modified":"2025-01-28T11:13:38","modified_gmt":"2025-01-28T11:13:38","slug":"kamagra-bombone","status":"publish","type":"product","link":"https:\/\/kamagrahr.com\/index.php\/product\/kamagra-bombone\/","title":{"rendered":"Kamagra Bombone"},"content":{"rendered":"<p>Kamagra Bombone su inovativan dodatak za potenciju koji pru\u017ea brza i efikasna re\u0161enja za pobolj\u0161anje erekcije. Svaka bombona sadr\u017ei aktivnu materiju sildenafil citrat, koja poma\u017ee u pove\u0107anju protoka krvi u polnom organu, omogu\u0107avaju\u0107i postizanje i odr\u017eavanje \u010dvrste erekcije. Ove bombone su diskretne i prakti\u010dne za upotrebu, idealne za one koji tra\u017ee brza i efikasna re\u0161enja.<\/p>\n<p>Proizvo\u0111a\u010d: Ajanta Pharma, Indija<br \/>\nAktivna materija: Sildenafil citrat<br \/>\nUpotreba: Konzumirajte jednu bombonu 1 sat pre seksualnog odnosa. Mo\u017ee se uzimati direktno iz pakovanja ili rastvoriti u ustima. Preporu\u010duje se uzimanje na prazan stomak za optimalno dejstvo.<br \/>\nDejstvo: Povoljno deluje na protok krvi u polnom organu, pru\u017eaju\u0107i maksimalnu prokrvljenost. Dejstvo traje 4 do 6 sati.<br \/>\nDoziranje: Ne vi\u0161e od jedne bombone dnevno.<\/p>\n","protected":false},"excerpt":{"rendered":"<p>Kamagra Bombone sadr\u017ee sildenafil citrat, pobolj\u0161avaju protok krvi i omogu\u0107avaju \u010dvrstu erekciju. Diskretne su i prakti\u010dne.<\/p>\n","protected":false},"featured_media":499,"template":"","meta":{"site-sidebar-layout":"default","site-content-layout":"","ast-site-content-layout":"default","site-content-style":"default","site-sidebar-style":"default","ast-global-header-display":"","ast-banner-title-visibility":"","ast-main-header-display":"","ast-hfb-above-header-display":"","ast-hfb-below-header-display":"","ast-hfb-mobile-header-display":"","site-post-title":"","ast-breadcrumbs-content":"","ast-featured-img":"","footer-sml-layout":"","theme-transparent-header-meta":"default","adv-header-id-meta":"","stick-header-meta":"","header-above-stick-meta":"","header-main-stick-meta":"","header-below-stick-meta":"","astra-migrate-meta-layouts":"set","ast-page-background-enabled":"default","ast-page-background-meta":{"desktop":{"background-color":"var(--ast-global-color-5)","background-image":"","background-repeat":"repeat","background-position":"center center","background-size":"auto","background-attachment":"scroll","background-type":"","background-media":"","overlay-type":"","overlay-color":"","overlay-opacity":"","overlay-gradient":""},"tablet":{"background-color":"","background-image":"","background-repeat":"repeat","background-position":"center center","background-size":"auto","background-attachment":"scroll","background-type":"","background-media":"","overlay-type":"","overlay-color":"","overlay-opacity":"","overlay-gradient":""},"mobile":{"background-color":"","background-image":"","background-repeat":"repeat","background-position":"center center","background-size":"auto","background-attachment":"scroll","background-type":"","background-media":"","overlay-type":"","overlay-color":"","overlay-opacity":"","overlay-gradient":""}},"ast-content-background-meta":{"desktop":{"background-color":"var(--ast-global-color-4)","background-image":"","background-repeat":"repeat","background-position":"center center","background-size":"auto","background-attachment":"scroll","background-type":"","background-media":"","overlay-type":"","overlay-color":"","overlay-opacity":"","overlay-gradient":""},"tablet":{"background-color":"var(--ast-global-color-4)","background-image":"","background-repeat":"repeat","background-position":"center center","background-size":"auto","background-attachment":"scroll","background-type":"","background-media":"","overlay-type":"","overlay-color":"","overlay-opacity":"","overlay-gradient":""},"mobile":{"background-color":"var(--ast-global-color-4)","background-image":"","background-repeat":"repeat","background-position":"center center","background-size":"auto","background-attachment":"scroll","background-type":"","background-media":"","overlay-type":"","overlay-color":"","overlay-opacity":"","overlay-gradient":""}}},"product_brand":[],"product_cat":[20],"product_tag":[],"class_list":{"0":"post-64","1":"product","2":"type-product","3":"status-publish","4":"has-post-thumbnail","6":"product_cat-kamagra","7":"desktop-align-left","8":"tablet-align-left","9":"mobile-align-left","11":"first","12":"instock","13":"purchasable","14":"product-type-variable","15":"has-default-attributes"},"_links":{"self":[{"href":"https:\/\/kamagrahr.com\/index.php\/wp-json\/wp\/v2\/product\/64","targetHints":{"allow":["GET"]}}],"collection":[{"href":"https:\/\/kamagrahr.com\/index.php\/wp-json\/wp\/v2\/product"}],"about":[{"href":"https:\/\/kamagrahr.com\/index.php\/wp-json\/wp\/v2\/types\/product"}],"wp:featuredmedia":[{"embeddable":true,"href":"https:\/\/kamagrahr.com\/index.php\/wp-json\/wp\/v2\/media\/499"}],"wp:attachment":[{"href":"https:\/\/kamagrahr.com\/index.php\/wp-json\/wp\/v2\/media?parent=64"}],"wp:term":[{"taxonomy":"product_brand","embeddable":true,"href":"https:\/\/kamagrahr.com\/index.php\/wp-json\/wp\/v2\/product_brand?post=64"},{"taxonomy":"product_cat","embeddable":true,"href":"https:\/\/kamagrahr.com\/index.php\/wp-json\/wp\/v2\/product_cat?post=64"},{"taxonomy":"product_tag","embeddable":true,"href":"https:\/\/kamagrahr.com\/index.php\/wp-json\/wp\/v2\/product_tag?post=64"}],"curies":[{"name":"wp","href":"https:\/\/api.w.org\/{rel}","templated":true}]}}